{"id":233,"date":"2023-02-22T17:30:51","date_gmt":"2023-02-22T17:30:51","guid":{"rendered":"http:\/\/www.topapartmany.cz\/?page_id=233"},"modified":"2023-04-29T08:54:55","modified_gmt":"2023-04-29T08:54:55","slug":"tipy-velka-lomnica","status":"publish","type":"page","link":"https:\/\/www.topapartmany.cz\/?page_id=233","title":{"rendered":"Tipy na v\u00fdlet Ve\u013ek\u00e1 Lomnica"},"content":{"rendered":"\n<div class=\"wp-block-columns is-layout-flex wp-container-core-columns-is-layout-9d6595d7 wp-block-columns-is-layout-flex\">\n<div class=\"wp-block-column is-layout-flow wp-block-column-is-layout-flow\">\n<p class=\"has-small-font-size\"><strong>Ozubnicov\u00e1 \u017eeleznica<\/strong><\/p>\n\n\n\n<p class=\"has-small-font-size\">Ozubnicov\u00e1 \u017eeleznice&nbsp; tzv. zuba\u010dka je \u017eeleznice, kde je hnac\u00ed s\u00edla p\u0159en\u00e1\u0161en\u00e1 prost\u0159edn\u00edctv\u00edm ozuben\u00e9ho kola zab\u00fdraj\u00edc\u00edho do ozuben\u00e9ho h\u0159ebene upevn\u011bn\u00e9ho v ose koleje.<br>Zuba\u010dka do \u0160trby na \u0160trbsk\u00e9 Pleso je v provozu u\u017e od roku 1896.<\/p>\n\n\n\n<p class=\"has-small-font-size\"><strong>GPS:<\/strong>&nbsp;49\u00b05&#8217;3.660&#8243;N, 20\u00b03&#8217;54.865&#8243;E<br><a href=\"http:\/\/www.rail.sk\/arp\/slovakia\/history\/h182.htm\" target=\"_blank\" rel=\"noreferrer noopener\">http:\/\/www.rail.sk\/arp\/slovakia\/history\/h182.htm<\/a><\/p>\n<\/div>\n\n\n\n<div class=\"wp-block-column is-layout-flow wp-block-column-is-layout-flow\">\n<figure class=\"wp-block-image size-large\"><img loading=\"lazy\" decoding=\"async\" width=\"700\" height=\"467\" src=\"http:\/\/www.topapartmany.cz\/wp-content\/uploads\/2023\/04\/Ozubnicova-zeleznica-700x467.jpg\" alt=\"\" class=\"wp-image-400\" srcset=\"https:\/\/www.topapartmany.cz\/wp-content\/uploads\/2023\/04\/Ozubnicova-zeleznica-700x467.jpg 700w, https:\/\/www.topapartmany.cz\/wp-content\/uploads\/2023\/04\/Ozubnicova-zeleznica-300x200.jpg 300w, https:\/\/www.topapartmany.cz\/wp-content\/uploads\/2023\/04\/Ozubnicova-zeleznica-768x512.jpg 768w, https:\/\/www.topapartmany.cz\/wp-content\/uploads\/2023\/04\/Ozubnicova-zeleznica-1536x1024.jpg 1536w, https:\/\/www.topapartmany.cz\/wp-content\/uploads\/2023\/04\/Ozubnicova-zeleznica-2048x1365.jpg 2048w, https:\/\/www.topapartmany.cz\/wp-content\/uploads\/2023\/04\/Ozubnicova-zeleznica-1140x760.jpg 1140w\" sizes=\"auto, (max-width: 700px) 100vw, 700px\" \/><\/figure>\n<\/div>\n<\/div>\n\n\n\n<div class=\"wp-block-columns is-layout-flex wp-container-core-columns-is-layout-9d6595d7 wp-block-columns-is-layout-flex\">\n<div class=\"wp-block-column is-layout-flow wp-block-column-is-layout-flow\">\n<figure class=\"wp-block-image size-large\"><img loading=\"lazy\" decoding=\"async\" width=\"700\" height=\"467\" src=\"http:\/\/www.topapartmany.cz\/wp-content\/uploads\/2023\/04\/Belianska-jaskyna-700x467.jpg\" alt=\"\" class=\"wp-image-401\" srcset=\"https:\/\/www.topapartmany.cz\/wp-content\/uploads\/2023\/04\/Belianska-jaskyna-700x467.jpg 700w, https:\/\/www.topapartmany.cz\/wp-content\/uploads\/2023\/04\/Belianska-jaskyna-300x200.jpg 300w, https:\/\/www.topapartmany.cz\/wp-content\/uploads\/2023\/04\/Belianska-jaskyna-768x512.jpg 768w, https:\/\/www.topapartmany.cz\/wp-content\/uploads\/2023\/04\/Belianska-jaskyna-1536x1024.jpg 1536w, https:\/\/www.topapartmany.cz\/wp-content\/uploads\/2023\/04\/Belianska-jaskyna-2048x1365.jpg 2048w, https:\/\/www.topapartmany.cz\/wp-content\/uploads\/2023\/04\/Belianska-jaskyna-1140x760.jpg 1140w\" sizes=\"auto, (max-width: 700px) 100vw, 700px\" \/><\/figure>\n<\/div>\n\n\n\n<div class=\"wp-block-column is-layout-flow wp-block-column-is-layout-flow\">\n<p class=\"has-small-font-size\"><strong>Belianska jasky\u0148a<\/strong><\/p>\n\n\n\n<p class=\"has-small-font-size\">Belianska jasky\u0148a je nejv\u011bt\u0161\u00ed a jedin\u00e1 sp\u0159\u00edstupn\u011bn\u00e1 vysokohorsk\u00e1&nbsp; jesky\u0148e v Tatranskom n\u00e1rodnom parku.Nach\u00e1z\u00ed sa ne\u010faleko obce Tatransk\u00e1 Kotlina, v najv\u00fdchodn\u011bj\u0161\u00ed \u010d\u00e1sti Belianskych Tatier. Vchod do jeskyne le\u017e\u00ed na severn\u00edm svahu Kobylieho vrchu, ve v\u00fd\u0161ce 890 m n.m.<\/p>\n\n\n\n<p class=\"has-small-font-size\"><strong>GPS:<\/strong>&nbsp;49\u00b013&#8217;45.444&#8243;N, 20\u00b019&#8217;0.840&#8243;E<br><a href=\"http:\/\/www.ssj.sk\/jaskyne\/spristupnene\/belianska\/\" target=\"_blank\" rel=\"noreferrer noopener\">http:\/\/www.ssj.sk\/jaskyne\/spristupnene\/belianska\/<\/a><\/p>\n<\/div>\n<\/div>\n\n\n\n<div class=\"wp-block-columns is-layout-flex wp-container-core-columns-is-layout-9d6595d7 wp-block-columns-is-layout-flex\">\n<div class=\"wp-block-column is-layout-flow wp-block-column-is-layout-flow\">\n<p class=\"has-small-font-size\"><strong>Bil\u00edkova chata<\/strong><\/p>\n\n\n\n<p class=\"has-small-font-size\">Bil\u00edkova chata (1255 m n.m.) se nach\u00e1z\u00ed t\u011bsne pod st\u0159ediskem Hrebienok v lesnat\u00fdm prost\u0159ed\u00ed Studenej doliny na jihov\u00fdchodn\u00edm \u00fabo\u010d\u00ed Slavkovsk\u00e9ho \u0161t\u00edtu. Je otev\u0159en\u00e1 celoro\u010dne a p\u0159\u00edstupn\u00e1 je p\u011b\u0161ky z Hrebienka (kam sa d\u00e1 dostat bu\u010f pozemn\u00ed lanovkou nebo p\u011b\u0161ky&nbsp; od Star\u00e9ho Smokovca). Na chat\u011b je stanice Horsk\u00e9 z\u00e1chrann\u00e9 slu\u017eby.<\/p>\n\n\n\n<p class=\"has-small-font-size\"><strong>GPS:<\/strong>&nbsp;49\u00b09&#8217;36.036&#8243;N, 20\u00b013&#8217;28.020&#8243;E<br><a href=\"http:\/\/www.bilikovachata.sk\/\" target=\"_blank\" rel=\"noreferrer noopener\">www.bilikovachata.sk<\/a><\/p>\n<\/div>\n\n\n\n<div class=\"wp-block-column is-layout-flow wp-block-column-is-layout-flow\">\n<figure class=\"wp-block-image size-large\"><img loading=\"lazy\" decoding=\"async\" width=\"700\" height=\"467\" src=\"http:\/\/www.topapartmany.cz\/wp-content\/uploads\/2023\/04\/Bilikova-chata-700x467.jpg\" alt=\"\" class=\"wp-image-402\" srcset=\"https:\/\/www.topapartmany.cz\/wp-content\/uploads\/2023\/04\/Bilikova-chata-700x467.jpg 700w, https:\/\/www.topapartmany.cz\/wp-content\/uploads\/2023\/04\/Bilikova-chata-300x200.jpg 300w, https:\/\/www.topapartmany.cz\/wp-content\/uploads\/2023\/04\/Bilikova-chata-768x512.jpg 768w, https:\/\/www.topapartmany.cz\/wp-content\/uploads\/2023\/04\/Bilikova-chata-1536x1024.jpg 1536w, https:\/\/www.topapartmany.cz\/wp-content\/uploads\/2023\/04\/Bilikova-chata-2048x1365.jpg 2048w, https:\/\/www.topapartmany.cz\/wp-content\/uploads\/2023\/04\/Bilikova-chata-1140x760.jpg 1140w\" sizes=\"auto, (max-width: 700px) 100vw, 700px\" \/><\/figure>\n<\/div>\n<\/div>\n\n\n\n<div class=\"wp-block-columns is-layout-flex wp-container-core-columns-is-layout-9d6595d7 wp-block-columns-is-layout-flex\">\n<div class=\"wp-block-column is-layout-flow wp-block-column-is-layout-flow\">\n<figure class=\"wp-block-image size-large\"><img loading=\"lazy\" decoding=\"async\" width=\"700\" height=\"467\" src=\"http:\/\/www.topapartmany.cz\/wp-content\/uploads\/2023\/04\/Muzeum-TANAP-700x467.jpg\" alt=\"\" class=\"wp-image-403\" srcset=\"https:\/\/www.topapartmany.cz\/wp-content\/uploads\/2023\/04\/Muzeum-TANAP-700x467.jpg 700w, https:\/\/www.topapartmany.cz\/wp-content\/uploads\/2023\/04\/Muzeum-TANAP-300x200.jpg 300w, https:\/\/www.topapartmany.cz\/wp-content\/uploads\/2023\/04\/Muzeum-TANAP-768x512.jpg 768w, https:\/\/www.topapartmany.cz\/wp-content\/uploads\/2023\/04\/Muzeum-TANAP-1536x1024.jpg 1536w, https:\/\/www.topapartmany.cz\/wp-content\/uploads\/2023\/04\/Muzeum-TANAP-2048x1365.jpg 2048w, https:\/\/www.topapartmany.cz\/wp-content\/uploads\/2023\/04\/Muzeum-TANAP-1140x760.jpg 1140w\" sizes=\"auto, (max-width: 700px) 100vw, 700px\" \/><\/figure>\n<\/div>\n\n\n\n<div class=\"wp-block-column is-layout-flow wp-block-column-is-layout-flow\">\n<p class=\"has-small-font-size\"><strong>Muzeum TANAP<\/strong><\/p>\n\n\n\n<p class=\"has-small-font-size\">Muzeum TANAP vo Vysok\u00fdch Tatr\u00e1ch pat\u0159\u00ed mezi najnav\u0161t\u011bvovan\u011bj\u0161\u00ed&nbsp; muzea. N\u00e1v\u0161tevn\u00edky seznamuje s fl\u00f3rou a faunou tatransk\u00e9 p\u0159\u00edrody, s jej\u00ed ochranou a s d\u011bjinami sp\u0159\u00edstup\u0148ovan\u00ed&nbsp; Tater<\/p>\n\n\n\n<p class=\"has-small-font-size\"><strong>GPS:<\/strong>&nbsp;49\u00b09&#8217;58.572&#8243;N, 20\u00b017&#8217;4.344&#8243;E<br><a href=\"http:\/\/www.lesytanap.sk\/04-sluzby\/muzeum-tanapu.php\" target=\"_blank\" rel=\"noreferrer noopener\">http:\/\/www.lesytanap.sk\/04-sluzby\/muzeum-tanapu.php<\/a><\/p>\n<\/div>\n<\/div>\n\n\n\n<div class=\"wp-block-columns is-layout-flex wp-container-core-columns-is-layout-9d6595d7 wp-block-columns-is-layout-flex\">\n<div class=\"wp-block-column is-layout-flow wp-block-column-is-layout-flow\">\n<p class=\"has-small-font-size\"><strong>\u0160trbsk\u00e9 pleso<\/strong><\/p>\n\n\n\n<p class=\"has-small-font-size\">\u0160trbsk\u00e9 pleso je z\u0159ejm\u011b najzn\u00e1mej\u0161\u00ed a najnav\u0161t\u011bvovanej\u0161\u00ed tatransk\u00e9 pleso. Nach\u00e1z\u00ed se na \u00fazem\u00ed obce \u0160trba \u2013 miestna \u010das\u0165 \u0160trbsk\u00e9 Pleso. Je to typick\u00e9 mor\u00e9nov\u00e9 jezero (pleso) a druh\u00e9 najvy\u0161\u0161\u00ed pleso na Slovensku. Ze \u017eelezni\u010dn\u00ed stanice \u0160trba vede k n\u011bmu ozubnicov\u00e1 \u017eeleznice.<\/p>\n\n\n\n<p class=\"has-small-font-size\"><strong>GPS:<\/strong>&nbsp;49\u00b07&#8217;29.172&#8243;N, 20\u00b03&#8217;39.636&#8243;E<\/p>\n<\/div>\n\n\n\n<div class=\"wp-block-column is-layout-flow wp-block-column-is-layout-flow\">\n<figure class=\"wp-block-image size-large\"><img loading=\"lazy\" decoding=\"async\" width=\"700\" height=\"467\" src=\"http:\/\/www.topapartmany.cz\/wp-content\/uploads\/2023\/04\/Strbske-pleso-700x467.jpg\" alt=\"\" class=\"wp-image-404\" srcset=\"https:\/\/www.topapartmany.cz\/wp-content\/uploads\/2023\/04\/Strbske-pleso-700x467.jpg 700w, https:\/\/www.topapartmany.cz\/wp-content\/uploads\/2023\/04\/Strbske-pleso-300x200.jpg 300w, https:\/\/www.topapartmany.cz\/wp-content\/uploads\/2023\/04\/Strbske-pleso-768x512.jpg 768w, https:\/\/www.topapartmany.cz\/wp-content\/uploads\/2023\/04\/Strbske-pleso-1536x1024.jpg 1536w, https:\/\/www.topapartmany.cz\/wp-content\/uploads\/2023\/04\/Strbske-pleso-2048x1365.jpg 2048w, https:\/\/www.topapartmany.cz\/wp-content\/uploads\/2023\/04\/Strbske-pleso-1140x760.jpg 1140w\" sizes=\"auto, (max-width: 700px) 100vw, 700px\" \/><\/figure>\n<\/div>\n<\/div>\n","protected":false},"excerpt":{"rendered":"<p>Ozubnicov\u00e1 \u017eeleznica Ozubnicov\u00e1 \u017eeleznice&nbsp; tzv. zuba\u010dka je \u017eeleznice, kde je hnac\u00ed s\u00edla p\u0159en\u00e1\u0161en\u00e1 prost\u0159edn\u00edctv\u00edm ozuben\u00e9ho kola zab\u00fdraj\u00edc\u00edho do ozuben\u00e9ho h\u0159ebene upevn\u011bn\u00e9ho v ose koleje.Zuba\u010dka do \u0160trby na \u0160trbsk\u00e9 Pleso je v provozu u\u017e od roku 1896. GPS:&nbsp;49\u00b05&#8217;3.660&#8243;N, 20\u00b03&#8217;54.865&#8243;Ehttp:\/\/www.rail.sk\/arp\/slovakia\/history\/h182.htm Belianska jasky\u0148a Belianska jasky\u0148a je nejv\u011bt\u0161\u00ed a jedin\u00e1 sp\u0159\u00edstupn\u011bn\u00e1 vysokohorsk\u00e1&nbsp; jesky\u0148e v Tatranskom n\u00e1rodnom parku.Nach\u00e1z\u00ed sa ne\u010faleko obce Tatransk\u00e1 Kotlina, v najv\u00fdchodn\u011bj\u0161\u00ed \u010d\u00e1sti Belianskych Tatier. Vchod do jeskyne le\u017e\u00ed na severn\u00edm svahu Kobylieho vrchu, ve v\u00fd\u0161ce 890 m n.m. GPS:&nbsp;49\u00b013&#8217;45.444&#8243;N, 20\u00b019&#8217;0.840&#8243;Ehttp:\/\/www.ssj.sk\/jaskyne\/spristupnene\/belianska\/ Bil\u00edkova chata Bil\u00edkova chata (1255 m n.m.) se nach\u00e1z\u00ed t\u011bsne pod st\u0159ediskem Hrebienok v lesnat\u00fdm prost\u0159ed\u00ed Studenej doliny na jihov\u00fdchodn\u00edm \u00fabo\u010d\u00ed Slavkovsk\u00e9ho \u0161t\u00edtu. Je otev\u0159en\u00e1 celoro\u010dne a p\u0159\u00edstupn\u00e1 je p\u011b\u0161ky z Hrebienka (kam sa d\u00e1 dostat bu\u010f pozemn\u00ed lanovkou nebo p\u011b\u0161ky&nbsp; od Star\u00e9ho Smokovca). Na chat\u011b je stanice Horsk\u00e9 z\u00e1chrann\u00e9 slu\u017eby. GPS:&nbsp;49\u00b09&#8217;36.036&#8243;N, 20\u00b013&#8217;28.020&#8243;Ewww.bilikovachata.sk Muzeum TANAP Muzeum TANAP vo Vysok\u00fdch Tatr\u00e1ch pat\u0159\u00ed mezi najnav\u0161t\u011bvovan\u011bj\u0161\u00ed&nbsp; muzea. N\u00e1v\u0161tevn\u00edky seznamuje s fl\u00f3rou a faunou tatransk\u00e9 p\u0159\u00edrody, s jej\u00ed ochranou a s d\u011bjinami sp\u0159\u00edstup\u0148ovan\u00ed&nbsp; Tater GPS:&nbsp;49\u00b09&#8217;58.572&#8243;N, 20\u00b017&#8217;4.344&#8243;Ehttp:\/\/www.lesytanap.sk\/04-sluzby\/muzeum-tanapu.php \u0160trbsk\u00e9 pleso \u0160trbsk\u00e9 pleso je z\u0159ejm\u011b najzn\u00e1mej\u0161\u00ed a najnav\u0161t\u011bvovanej\u0161\u00ed tatransk\u00e9 pleso. Nach\u00e1z\u00ed se na \u00fazem\u00ed obce \u0160trba \u2013 miestna \u010das\u0165 \u0160trbsk\u00e9 Pleso. Je to typick\u00e9 mor\u00e9nov\u00e9 jezero (pleso) a druh\u00e9 najvy\u0161\u0161\u00ed pleso na Slovensku. Ze \u017eelezni\u010dn\u00ed stanice \u0160trba vede k n\u011bmu ozubnicov\u00e1 \u017eeleznice. GPS:&nbsp;49\u00b07&#8217;29.172&#8243;N, 20\u00b03&#8217;39.636&#8243;E<\/p>\n","protected":false},"author":2,"featured_media":0,"parent":0,"menu_order":0,"comment_status":"closed","ping_status":"closed","template":"","meta":{"footnotes":""},"class_list":["post-233","page","type-page","status-publish","hentry"],"_links":{"self":[{"href":"https:\/\/www.topapartmany.cz\/index.php?rest_route=\/wp\/v2\/pages\/233","targetHints":{"allow":["GET"]}}],"collection":[{"href":"https:\/\/www.topapartmany.cz\/index.php?rest_route=\/wp\/v2\/pages"}],"about":[{"href":"https:\/\/www.topapartmany.cz\/index.php?rest_route=\/wp\/v2\/types\/page"}],"author":[{"embeddable":true,"href":"https:\/\/www.topapartmany.cz\/index.php?rest_route=\/wp\/v2\/users\/2"}],"replies":[{"embeddable":true,"href":"https:\/\/www.topapartmany.cz\/index.php?rest_route=%2Fwp%2Fv2%2Fcomments&post=233"}],"version-history":[{"count":5,"href":"https:\/\/www.topapartmany.cz\/index.php?rest_route=\/wp\/v2\/pages\/233\/revisions"}],"predecessor-version":[{"id":405,"href":"https:\/\/www.topapartmany.cz\/index.php?rest_route=\/wp\/v2\/pages\/233\/revisions\/405"}],"wp:attachment":[{"href":"https:\/\/www.topapartmany.cz\/index.php?rest_route=%2Fwp%2Fv2%2Fmedia&parent=233"}],"curies":[{"name":"wp","href":"https:\/\/api.w.org\/{rel}","templated":true}]}}