{"id":66,"date":"2023-01-14T09:19:17","date_gmt":"2023-01-14T09:19:17","guid":{"rendered":"http:\/\/www.topapartmany.cz\/?page_id=66"},"modified":"2023-05-03T17:10:22","modified_gmt":"2023-05-03T17:10:22","slug":"marianske-lazne","status":"publish","type":"page","link":"https:\/\/www.topapartmany.cz\/?page_id=66","title":{"rendered":"Mari\u00e1nsk\u00e9 L\u00e1zn\u011b"},"content":{"rendered":"\n<p>Nab\u00edz\u00edme V\u00e1m p\u0159\u00edjemn\u00e9 ubytov\u00e1n\u00ed v l\u00e1ze\u0148sk\u00e9m centru v bl\u00edzkosti vyhl\u00e1\u0161en\u00e9 kolon\u00e1dy se zp\u00edvaj\u00edc\u00ed font\u00e1nou v nov\u011b zrekonstruovan\u00fdch apartm\u00e1nech. V zimn\u00edm obdob\u00ed je mo\u017eno vyu\u017e\u00edt ski centrum a b\u011b\u017eeck\u00e9 trat\u011b, kter\u00e9 se nach\u00e1zej\u00ed nedaleko apartm\u00e1nu. Apartm\u00e1ny jsou vybaveny pro rodi\u010de s d\u011btmi.<\/p>\n\n\n\n<p>Apartm\u00e1ny maj\u00ed k dispozici vlastn\u00ed koupelnu s WC vybavenou kuchy\u0148ku s mo\u017enost\u00ed va\u0159en\u00ed a televiz\u00ed s digit\u00e1ln\u00edm satelitn\u00edm p\u0159ij\u00edma\u010dem. Pro \u0161patn\u00e9 po\u010das\u00ed je zde hern\u00ed konzole Playstation 4.<\/p>\n\n\n\n<ul class=\"wp-block-list\">\n<li>v cen\u011b ubytov\u00e1n\u00ed je zahrnuto lo\u017en\u00ed pr\u00e1dlo a ru\u010dn\u00edky<\/li>\n\n\n\n<li>bezplatn\u00e9 WiFi<\/li>\n\n\n\n<li>hern\u00ed konzole Playstation 4<\/li>\n\n\n\n<li>objekt je vyt\u00e1p\u011bn\u00fd elektrick\u00fdm topen\u00edm<\/li>\n\n\n\n<li>parkov\u00e1n\u00ed je mo\u017en\u00e9 p\u0159ed objektem<\/li>\n\n\n\n<li>zv\u00ed\u0159ec\u00ed mazl\u00ed\u010dci jsou v\u00edt\u00e1ni<\/li>\n\n\n\n<li>d\u011btsk\u00e1 post\u00fdlka, d\u011btsk\u00e1 j\u00eddeln\u00ed \u017eidli\u010dka, hra\u010dky a filmy pro d\u011bti<\/li>\n\n\n\n<li>n\u00e1stup na pobyt je mo\u017en\u00fd kdykoliv<\/li>\n<\/ul>\n\n\n\n<p><strong>APARTM\u00c1N 1<\/strong><\/p>\n\n\n\n<ul class=\"wp-block-list\">\n<li>p\u0159eds\u00ed\u0148 se spole\u010dnou pra\u010dkou a su\u0161i\u010dkou, \u017eehl\u00edc\u00ed prknem a \u017eehli\u010dkou<\/li>\n\n\n\n<li>koupelna s WC, umyvadlem, sprchov\u00fdm koutem a f\u00e9nem<\/li>\n\n\n\n<li>ob\u00fdvac\u00ed pokoj s kuchy\u0148kou a j\u00eddeln\u00edm koutem<\/li>\n\n\n\n<li>kuchy\u0148ka (elektrick\u00fd va\u0159i\u010d, trouba, lednice, mikrovlnn\u00e1 trouba, varn\u00e1 konvice, k\u00e1vovar, n\u00e1dob\u00ed, my\u010dka<\/li>\n\n\n\n<li>ob\u00fdvac\u00ed pokoj<\/li>\n\n\n\n<li>WiFi<\/li>\n<\/ul>\n\n\n\n<div class=\"wp-block-columns is-layout-flex wp-container-core-columns-is-layout-9d6595d7 wp-block-columns-is-layout-flex\">\n<div class=\"wp-block-column is-layout-flow wp-block-column-is-layout-flow\">\n<figure class=\"wp-block-image size-large\"><a href=\"http:\/\/www.topapartmany.cz\/wp-content\/uploads\/2023\/04\/Apartman-1_1.jpg\" target=\"_blank\" rel=\"noreferrer noopener\"><img loading=\"lazy\" decoding=\"async\" width=\"700\" height=\"467\" src=\"http:\/\/www.topapartmany.cz\/wp-content\/uploads\/2023\/04\/Apartman-1_1-700x467.jpg\" alt=\"\" class=\"wp-image-309\" srcset=\"https:\/\/www.topapartmany.cz\/wp-content\/uploads\/2023\/04\/Apartman-1_1-700x467.jpg 700w, https:\/\/www.topapartmany.cz\/wp-content\/uploads\/2023\/04\/Apartman-1_1-300x200.jpg 300w, https:\/\/www.topapartmany.cz\/wp-content\/uploads\/2023\/04\/Apartman-1_1-768x512.jpg 768w, https:\/\/www.topapartmany.cz\/wp-content\/uploads\/2023\/04\/Apartman-1_1-1536x1024.jpg 1536w, https:\/\/www.topapartmany.cz\/wp-content\/uploads\/2023\/04\/Apartman-1_1-2048x1365.jpg 2048w, https:\/\/www.topapartmany.cz\/wp-content\/uploads\/2023\/04\/Apartman-1_1-1140x760.jpg 1140w\" sizes=\"auto, (max-width: 700px) 100vw, 700px\" \/><\/a><\/figure>\n<\/div>\n\n\n\n<div class=\"wp-block-column is-layout-flow wp-block-column-is-layout-flow\">\n<figure class=\"wp-block-image size-large\"><a href=\"http:\/\/www.topapartmany.cz\/wp-content\/uploads\/2023\/04\/Apartman-1_4.jpg\" target=\"_blank\" rel=\"noreferrer noopener\"><img loading=\"lazy\" decoding=\"async\" width=\"700\" height=\"467\" src=\"http:\/\/www.topapartmany.cz\/wp-content\/uploads\/2023\/04\/Apartman-1_4-700x467.jpg\" alt=\"\" class=\"wp-image-310\" srcset=\"https:\/\/www.topapartmany.cz\/wp-content\/uploads\/2023\/04\/Apartman-1_4-700x467.jpg 700w, https:\/\/www.topapartmany.cz\/wp-content\/uploads\/2023\/04\/Apartman-1_4-300x200.jpg 300w, https:\/\/www.topapartmany.cz\/wp-content\/uploads\/2023\/04\/Apartman-1_4-768x512.jpg 768w, https:\/\/www.topapartmany.cz\/wp-content\/uploads\/2023\/04\/Apartman-1_4-1536x1024.jpg 1536w, https:\/\/www.topapartmany.cz\/wp-content\/uploads\/2023\/04\/Apartman-1_4-2048x1365.jpg 2048w, https:\/\/www.topapartmany.cz\/wp-content\/uploads\/2023\/04\/Apartman-1_4-1140x760.jpg 1140w\" sizes=\"auto, (max-width: 700px) 100vw, 700px\" \/><\/a><\/figure>\n<\/div>\n\n\n\n<div class=\"wp-block-column is-layout-flow wp-block-column-is-layout-flow\">\n<figure class=\"wp-block-image size-large\"><a href=\"http:\/\/www.topapartmany.cz\/wp-content\/uploads\/2023\/04\/Apartman-1_5.jpg\" target=\"_blank\" rel=\"noreferrer noopener\"><img loading=\"lazy\" decoding=\"async\" width=\"700\" height=\"467\" src=\"http:\/\/www.topapartmany.cz\/wp-content\/uploads\/2023\/04\/Apartman-1_5-700x467.jpg\" alt=\"\" class=\"wp-image-311\" srcset=\"https:\/\/www.topapartmany.cz\/wp-content\/uploads\/2023\/04\/Apartman-1_5-700x467.jpg 700w, https:\/\/www.topapartmany.cz\/wp-content\/uploads\/2023\/04\/Apartman-1_5-300x200.jpg 300w, https:\/\/www.topapartmany.cz\/wp-content\/uploads\/2023\/04\/Apartman-1_5-768x512.jpg 768w, https:\/\/www.topapartmany.cz\/wp-content\/uploads\/2023\/04\/Apartman-1_5-1536x1024.jpg 1536w, https:\/\/www.topapartmany.cz\/wp-content\/uploads\/2023\/04\/Apartman-1_5-2048x1365.jpg 2048w, https:\/\/www.topapartmany.cz\/wp-content\/uploads\/2023\/04\/Apartman-1_5-1140x760.jpg 1140w\" sizes=\"auto, (max-width: 700px) 100vw, 700px\" \/><\/a><\/figure>\n<\/div>\n<\/div>\n\n\n\n<p><br><strong>APARTM\u00c1N 2<\/strong><\/p>\n\n\n\n<ul class=\"wp-block-list\">\n<li>p\u0159eds\u00ed\u0148 se spole\u010dnou pra\u010dkou a su\u0161i\u010dkou, \u017eehl\u00edc\u00ed prknem a \u017eehli\u010dkou<\/li>\n\n\n\n<li>koupelna s WC, umyvadlem, sprchov\u00fdm koutem a f\u00e9nem<\/li>\n\n\n\n<li>kuchy\u0148ka (elektrick\u00fd va\u0159i\u010d, lednice, mikrovlnn\u00e1 trouba, varn\u00e1 konvice, n\u00e1dob\u00ed, my\u010dka, k\u00e1vovar)<\/li>\n\n\n\n<li>ob\u00fdvac\u00ed pokoj<\/li>\n\n\n\n<li>WiFi<\/li>\n<\/ul>\n\n\n\n<div class=\"wp-block-columns is-layout-flex wp-container-core-columns-is-layout-9d6595d7 wp-block-columns-is-layout-flex\">\n<div class=\"wp-block-column is-layout-flow wp-block-column-is-layout-flow\">\n<figure class=\"wp-block-image size-large\"><a href=\"http:\/\/www.topapartmany.cz\/wp-content\/uploads\/2023\/04\/Apartman-2_2.jpg\" target=\"_blank\" rel=\"noreferrer noopener\"><img loading=\"lazy\" decoding=\"async\" width=\"700\" height=\"467\" src=\"http:\/\/www.topapartmany.cz\/wp-content\/uploads\/2023\/04\/Apartman-2_2-700x467.jpg\" alt=\"\" class=\"wp-image-312\" srcset=\"https:\/\/www.topapartmany.cz\/wp-content\/uploads\/2023\/04\/Apartman-2_2-700x467.jpg 700w, https:\/\/www.topapartmany.cz\/wp-content\/uploads\/2023\/04\/Apartman-2_2-300x200.jpg 300w, https:\/\/www.topapartmany.cz\/wp-content\/uploads\/2023\/04\/Apartman-2_2-768x512.jpg 768w, https:\/\/www.topapartmany.cz\/wp-content\/uploads\/2023\/04\/Apartman-2_2-1536x1024.jpg 1536w, https:\/\/www.topapartmany.cz\/wp-content\/uploads\/2023\/04\/Apartman-2_2-2048x1365.jpg 2048w, https:\/\/www.topapartmany.cz\/wp-content\/uploads\/2023\/04\/Apartman-2_2-1140x760.jpg 1140w\" sizes=\"auto, (max-width: 700px) 100vw, 700px\" \/><\/a><\/figure>\n<\/div>\n\n\n\n<div class=\"wp-block-column is-layout-flow wp-block-column-is-layout-flow\">\n<figure class=\"wp-block-image size-large\"><a href=\"http:\/\/www.topapartmany.cz\/wp-content\/uploads\/2023\/04\/Apartman-2_3.jpg\" target=\"_blank\" rel=\"noreferrer noopener\"><img loading=\"lazy\" decoding=\"async\" width=\"700\" height=\"467\" src=\"http:\/\/www.topapartmany.cz\/wp-content\/uploads\/2023\/04\/Apartman-2_3-700x467.jpg\" alt=\"\" class=\"wp-image-313\" srcset=\"https:\/\/www.topapartmany.cz\/wp-content\/uploads\/2023\/04\/Apartman-2_3-700x467.jpg 700w, https:\/\/www.topapartmany.cz\/wp-content\/uploads\/2023\/04\/Apartman-2_3-300x200.jpg 300w, https:\/\/www.topapartmany.cz\/wp-content\/uploads\/2023\/04\/Apartman-2_3-768x512.jpg 768w, https:\/\/www.topapartmany.cz\/wp-content\/uploads\/2023\/04\/Apartman-2_3-1536x1024.jpg 1536w, https:\/\/www.topapartmany.cz\/wp-content\/uploads\/2023\/04\/Apartman-2_3-2048x1365.jpg 2048w, https:\/\/www.topapartmany.cz\/wp-content\/uploads\/2023\/04\/Apartman-2_3-1140x760.jpg 1140w\" sizes=\"auto, (max-width: 700px) 100vw, 700px\" \/><\/a><\/figure>\n<\/div>\n\n\n\n<div class=\"wp-block-column is-layout-flow wp-block-column-is-layout-flow\">\n<figure class=\"wp-block-image size-large\"><a href=\"http:\/\/www.topapartmany.cz\/wp-content\/uploads\/2023\/04\/Apartman-2_5.jpg\" target=\"_blank\" rel=\"noreferrer noopener\"><img loading=\"lazy\" decoding=\"async\" width=\"700\" height=\"467\" src=\"http:\/\/www.topapartmany.cz\/wp-content\/uploads\/2023\/04\/Apartman-2_5-700x467.jpg\" alt=\"\" class=\"wp-image-314\" srcset=\"https:\/\/www.topapartmany.cz\/wp-content\/uploads\/2023\/04\/Apartman-2_5-700x467.jpg 700w, https:\/\/www.topapartmany.cz\/wp-content\/uploads\/2023\/04\/Apartman-2_5-300x200.jpg 300w, https:\/\/www.topapartmany.cz\/wp-content\/uploads\/2023\/04\/Apartman-2_5-768x512.jpg 768w, https:\/\/www.topapartmany.cz\/wp-content\/uploads\/2023\/04\/Apartman-2_5-1536x1024.jpg 1536w, https:\/\/www.topapartmany.cz\/wp-content\/uploads\/2023\/04\/Apartman-2_5-2048x1365.jpg 2048w, https:\/\/www.topapartmany.cz\/wp-content\/uploads\/2023\/04\/Apartman-2_5-1140x760.jpg 1140w\" sizes=\"auto, (max-width: 700px) 100vw, 700px\" \/><\/a><\/figure>\n<\/div>\n<\/div>\n","protected":false},"excerpt":{"rendered":"<p>Nab\u00edz\u00edme V\u00e1m p\u0159\u00edjemn\u00e9 ubytov\u00e1n\u00ed v l\u00e1ze\u0148sk\u00e9m centru v bl\u00edzkosti vyhl\u00e1\u0161en\u00e9 kolon\u00e1dy se zp\u00edvaj\u00edc\u00ed font\u00e1nou v nov\u011b zrekonstruovan\u00fdch apartm\u00e1nech. V zimn\u00edm obdob\u00ed je mo\u017eno vyu\u017e\u00edt ski centrum a b\u011b\u017eeck\u00e9 trat\u011b, kter\u00e9 se nach\u00e1zej\u00ed nedaleko apartm\u00e1nu. Apartm\u00e1ny jsou vybaveny pro rodi\u010de s d\u011btmi. Apartm\u00e1ny maj\u00ed k dispozici vlastn\u00ed koupelnu s WC vybavenou kuchy\u0148ku s mo\u017enost\u00ed va\u0159en\u00ed a televiz\u00ed s digit\u00e1ln\u00edm satelitn\u00edm p\u0159ij\u00edma\u010dem. Pro \u0161patn\u00e9 po\u010das\u00ed je zde hern\u00ed konzole Playstation 4. APARTM\u00c1N 1 APARTM\u00c1N 2<\/p>\n","protected":false},"author":2,"featured_media":30,"parent":0,"menu_order":0,"comment_status":"closed","ping_status":"closed","template":"","meta":{"footnotes":""},"class_list":["post-66","page","type-page","status-publish","has-post-thumbnail","hentry"],"_links":{"self":[{"href":"https:\/\/www.topapartmany.cz\/index.php?rest_route=\/wp\/v2\/pages\/66","targetHints":{"allow":["GET"]}}],"collection":[{"href":"https:\/\/www.topapartmany.cz\/index.php?rest_route=\/wp\/v2\/pages"}],"about":[{"href":"https:\/\/www.topapartmany.cz\/index.php?rest_route=\/wp\/v2\/types\/page"}],"author":[{"embeddable":true,"href":"https:\/\/www.topapartmany.cz\/index.php?rest_route=\/wp\/v2\/users\/2"}],"replies":[{"embeddable":true,"href":"https:\/\/www.topapartmany.cz\/index.php?rest_route=%2Fwp%2Fv2%2Fcomments&post=66"}],"version-history":[{"count":7,"href":"https:\/\/www.topapartmany.cz\/index.php?rest_route=\/wp\/v2\/pages\/66\/revisions"}],"predecessor-version":[{"id":424,"href":"https:\/\/www.topapartmany.cz\/index.php?rest_route=\/wp\/v2\/pages\/66\/revisions\/424"}],"wp:featuredmedia":[{"embeddable":true,"href":"https:\/\/www.topapartmany.cz\/index.php?rest_route=\/wp\/v2\/media\/30"}],"wp:attachment":[{"href":"https:\/\/www.topapartmany.cz\/index.php?rest_route=%2Fwp%2Fv2%2Fmedia&parent=66"}],"curies":[{"name":"wp","href":"https:\/\/api.w.org\/{rel}","templated":true}]}}